Let m(q) = c(q) + h(q). Suppose 4*p = 2*p + 8, -3*b = -5*p + 38. Calculate m(b).
10
Suppose 4*a - 23 - 4 = -b, 4*a = 5*b - 135. Suppose 0 = 29*d - b*d - 4. Let y(n) = -3*n. Calculate y(d).
-6
Let p(l) = 2*l**2 - 32*l + 128. Let a be p(9). Let d(h) = 4*h - 5. What is d(a)?
3
Suppose 228*v - 12 = 226*v. Suppose o + 11*s - 13*s + 1 = 0, 4*s = -2*o + v. Let f(n) be the third derivative of -3*n**5/20 - n**2. Calculate f(o).
-9
Suppose 9*d - 10*d = 1, 3*d + 13 = 5*g. Suppose -4*p + 0*p = -w - 6, -g*w = 4*p + 12. Let f(r) = r + 6. Give f(w).
0
Let d(a) = -51*a + 21. Let i(g) = -67*g + 28. Let k(h) = -13*d(h) + 10*i(h). Let l be ((-9)/(-2) - 2)*2. Calculate k(l).
-28
Suppose 1371 = 3*v + 4*t, 2*t = 33*v - 36*v + 1365. Let p = v + -453. Let o(j) = -j**3 + j**2 + 2*j - 5. Calculate o(p).
-5
Let b(r) = r**2 - 2*r - 9. Let l(u) = -u**2 + 13*u + 11. Let j be l(14). Give b(j).
6
Let q(u) = 26*u - 24 + 16 + 27 + 28 + 30. Give q(-3).
-1
Let y = -1107 - -1111. Let p(w) be the third derivative of -w**4/12 + 5*w**3/6 + 14*w**2 + 4*w. Give p(y).
-3
Let t(x) = x**3 + 6*x**2 + 4*x + 2. Let m be t(-5). Let v(o) be the first derivative of o**2 - 12*o - 28125. Calculate v(m).
2
Suppose -9*o = -113 - 49. Let s(w) be the first derivative of -5 + o*w**2 - w - 44*w**2 + 21*w**2. Give s(1).
-11
Let m(u) be the third derivative of u**6/60 - u**5/6 + u**4/8 - 11*u**3/6 + 205*u**2 - 1. Determine m(5).
4
Let p(z) be the first derivative of -z**2 - 43*z + 699. Calculate p(-23).
3
Let x = 184 - 178. Suppose 3*r - 16 = -2*z, 0 = -z + x*r - 4*r + 1. Let w(q) = q**3 - 7*q**2 + 6*q + 3. Give w(z).
-17
Let a be (-1)/(((-22)/1848)/(1/(-3))). Let s(c) = c**3 + 28*c**2 - c - 35. Calculate s(a).
-7
Let w(q) = -723*q - 723. Let v be w(-1). Let s(a) = 67*a + 10. What is s(v)?
10
Let v(d) be the third derivative of -d**5/60 + d**3/6 - 6906*d**2. Suppose -4*t = 2*y - 0*y - 14, -3*y = -4*t + 39. What is v(t)?
-35
Suppose 5*l + 4 = 7*l. Let u(p) = 4*p + 57*p**l - 3*p**3 + 3 + 4*p**3 - 55*p**2. Calculate u(-2).
-5
Let h(k) = k**2 + 12*k + 6. Let w be (-7)/(-7)*(-5 - 0). Let i be -1 - ((-6)/(-1) - w). What is h(i)?
6
Let s(r) = 13*r**2 + 44*r + r**3 - 5 - 34*r - 2*r**2 + 2. Determine s(-10).
-3
Let g(j) = 19*j - 7. Let v(c) = 2*c**2 + 63*c + 290. Let q be v(-26). Calculate g(q).
69
Let l(d) be the first derivative of -d**4/4 + 19*d**3/3 + 23*d**2/2 - 63*d - 10439. Determine l(20).
-3
Let g(x) = -13 - 59*x + 185*x - 80*x - 67*x + 7. What is g(1)?
-27
Let s(o) be the second derivative of -13*o**4/6 + o**3/2 - o**2 + 464*o + 5. What is s(1)?
-25
Let l = 12311 - 12343. Let u(q) = -2*q**3 - 65*q**2 - 32*q + 1. Give u(l).
1
Let z(a) = a**3 - 10*a**2 - 12*a + 13. Let q = -78 - -88. Let f be 8/q + (21/5 - -6). What is z(f)?
2
Let l(x) = -10*x**2 + 2*x**3 - 3 + 7*x - x**3 + 4*x**2. Suppose u = -3*p + 23, -14 = -9*p - 138*u + 140*u. Determine l(p).
-7
Suppose 22*c + 188 = -37*c - 107. Let q(r) = -3*r**3 - 14*r**2 + 6*r - 6. Give q(c).
-11
Let b be (-4)/(((-4)/(-2))/(-2)) - -232. Let w = -234 + b. Let a(j) = -2*j**3 - 2*j**2 - 1. Calculate a(w).
-25
Suppose 0 = 2*t + 2*t - 24. Let u(n) = -n - 1. Let h(c) = -12*c - 9. Let s(r) = -25*r - 19. Let i(v) = 13*h(v) - 6*s(v). Let k(j) = i(j) - 5*u(j). Give k(t).
-4
Let o(c) = 152*c + 22. Let j(i) = -88*i - 13. Let a(s) = 5*j(s) + 3*o(s). Determine a(2).
33
Let q be 4/12 + 2/(-6). Suppose -20 = 6*s - s, 4*u - 3*s = q. Let w(d) = 28*d**2 - 4 + 1 - 125*d**2 + 28*d**2 + 32*d**2 + 36*d**2 - 3*d. Calculate w(u).
-3
Let w = -16195 + 16195. Let h(d) = -d**2 + d + 2. Determine h(w).
2
Let d(z) = z**3 - 3*z**2 + z + 4. Let r = 561 - 380. Let x = r - 178. Determine d(x).
7
Let z(d) = -d + 9. Suppose 6 = 3*k - 0. Let o be ((-4)/(-2))/k + -3. Let q be -6*(-3 + (-7)/(-2))*o. Give z(q).
3
Let w(b) = b**3 - 9*b**2 - 8*b - 2. Let s(m) = -2*m**2 - m. Let n(j) = -14*s(j) + 2*w(j). Let h be n(-5). Let c(t) = 2*t - 5. Give c(h).
7
Let g be 12/(-6) + -3 - 18/(-2). Let r(h) = -2*h - g*h + 3*h - 3 + 2*h - 2*h. Determine r(-6).
15
Let f(d) be the second derivative of -d**6/180 + d**4/12 - 10*d**3/3 - 2*d + 72. Let o(a) be the third derivative of f(a). Let z = 4 - 1. Calculate o(z).
-12
Suppose -2*d = -2*w - 4, 4*d + w = -d - 2. Let x(u) = -u**2 + 105 - 11 - 78 - 10. What is x(d)?
6
Suppose 5*v + 11*v = 33*v + 187. Let m(y) = -y**2 - 20*y - 14. Determine m(v).
85
Let x(y) = y**2 + 16*y + 23. Suppose 3*z + 4*t = -33, -2*z + 32*t = 34*t + 26. Determine x(z).
80
Let r(i) = -9*i - 344. Let c be r(-39). Let q(m) = -9*m + 65. Calculate q(c).
2
Let h(z) = -2*z**2 + 17*z - 33. Let c be h(5). Let t(j) = -9*j - 7. Calculate t(c).
-25
Let g be 851/115 + 2/(-5). Let i(f) = 0*f - f**3 - f**2 - 9 + f + 7*f**2 - 2*f**2 + 3*f**2. Determine i(g).
-2
Suppose 2*p + 28 = s + 30, 2*p + 2 = -s. Let h(t) = 2*t**3 + 2*t**2 + 7*t + 9. Calculate h(s).
-13
Let u(s) = 26 + 30 - 116 - 25*s + 27 + 32. Determine u(-2).
49
Let b(t) = -231*t**2 - 29 - 2*t + t**3 + 80*t**2 + 73*t**2 - 2*t**3 + 79*t**2. Give b(0).
-29
Let y(c) = 2*c + 3. Let m be y(-1). Let a be (-9 + 9)/(5 - m - 1). Let t(p) = -p. Let q(s) = -5*s + 14. Let z(b) = q(b) - 4*t(b). Give z(a).
14
Let k be (-2 + 1)*(5 + 8/(-1)). Let u(p) = 5*p**3 - 3*p**3 - 2*p**3 + 3*p**3 + k - p**2 - 4*p**3 + 3*p. Suppose 0*n = 3*n + 6. Give u(n).
1
Let v(b) = -11*b**2 - 10*b - 1. Let o(z) be the second derivative of -3*z**4/4 - 3*z**3/2 - z**2 - 119*z + 1. Let p(m) = -5*o(m) + 4*v(m). What is p(-5)?
6
Suppose -30 - 94 = -4*p. Let s = p - 34. Let a(y) = 3*y**2 - 3*y - 3. Let w(h) = 2*h**2 + h - 1. Let n(q) = -a(q) + 2*w(q). Calculate n(s).
-5
Let v be 14 - (-2)/((-8)/(-6) - 2). Let l(c) = -2*c**3 + 22*c**2 + 2. Let t be l(v). Let n(o) = -7*o + 4*o**2 + 5*o**t - 2 + 3 - o**3 + 0. Give n(8).
9
Suppose -m = -7*n + 120, -3*n + 13 = -2*n + 4*m. Let t(y) = y**3 - 18*y**2 + 14*y - 18. What is t(n)?
-69
Let j(f) = f**3 - 6*f**2 - 27*f + 171. Let q be j(6). Let g(s) = -s - 10. What is g(q)?
-19
Let y(m) be the third derivative of m**5/60 + 5*m**4/6 + 89*m**3/6 + m**2 + 41*m + 5. Determine y(-6).
5
Let h(z) = z**2 - 12*z - 8. Suppose -60 = -4*k + 2*d - 10, 0 = 4*k + d - 47. Give h(k).
-8
Let n(o) = -o**3 + o**2 - o + 4. Let v = 0 - -2. Let i = -369 + 369. Let j be i/(v + -1 + -3). Calculate n(j).
4
Let u(d) = 9*d + 9. Suppose -132 = 4*c + 4*l, -c + 2*c + 34 = -2*l. Let m = c - -24. Let a(q) = 13*q + 14. Let t(x) = m*u(x) + 5*a(x). Give t(2).
-16
Let l(f) = 4*f**3 - 16*f**2 + 29*f - 2. Let v(i) = 13*i**3 - 48*i**2 + 89*i - 5. Let z(n) = 19*l(n) - 6*v(n). Give z(-9).
1
Let x(k) = k**2 + 30*k + 86. Let w be x(-27). Let l(g) = -3*g - 10. Suppose 0 = 3*o - 5*o + 16. Let j(f) = 5*f + 15. Let t(m) = o*l(m) + 5*j(m). Determine t(w).
0
Let z(c) be the first derivative of c**4/4 - c**3/3 + 2*c**2 - 5*c + 950. Calculate z(2).
7
Suppose -3*z = -1960 + 331. Let l(h) = 2 + z*h**2 - 542*h**2 - 8*h - 11. Calculate l(8).
-9
Let t(h) = -8*h + 5. Let f(w) = -15*w + 9. Let m(i) = -4*f(i) + 7*t(i). Suppose 2*p + b = -0*p - 3, -29 = -4*p + 5*b. Suppose 3*l = p - 4. Give m(l).
-5
Let p(m) = -2*m**2 + m + 5. Let z be p(0). Let j(o) = -247 + 720 - 238 - 3*o - 236. Determine j(z).
-16
Let s(d) be the second derivative of d**4/6 - 5*d**3 - 11*d**2 - 163*d. Determine s(16).
10
Let i(o) = 149*o - 1283 + 641 + 640 - 146*o - 8*o**3 - o**2. Determine i(2).
-64
Let j = 1 - 2. Let s(f) be the first derivative of 5*f**3/3 + f**2/2 - f - 31868. Determine s(j).
3
Let f(q) = 3245 + 3*q**2 - 3242 + q**2 - 2*q. Suppose 0 = 7*j - 1 - 13. Give f(j).
15
Let g(n) be the third derivative of -n**7/840 + n**5/120 - 52*n**3/3 + 232*n**2 + 1. Let x(l) be the first derivative of g(l). Calculate x(-2).
6
Let t(x) = -26*x - 28*x + 38 + 76*x - 24*x. Let v be t(13). Let m(n) = 0*n + 18*n**2 - v*n**2 - n - 5*n**2. What is m(4)?
12
Let q be (-2)/(-5) - (-4)/(-10). Let l(p) be the third derivative of 173*p**2 - 1/24*p**4 - p**3 + 1/60*p**5 + 0 + 0*p. Give l(q).
-6
Suppose 4*x = 2*m - 2, 0 = -5*m - x + 3*x + 13. Suppose 5*f - 17 = 5*w - 42, -5*f = -m*w + 21. Let l(s) = 0*s**2 - 1 - s**3 + 4 - 3*s + 0*s**2. Give l(w).
-11
Let h = -10 - -12. Suppose 10 = r - u, 5*u + h = -r - 0. Let f be (-2)/r - (-2)/8. Let z(t) = t**3 + t**2 + t - 9. Give z(f).
-9
Let i(c) be the third derivative of c**5/60 - c**4/8 - 19*c**3/3 - 509*c**2. Determine i(8).